 prime?
True
Is 148054249 a composite number?
True
Is 35201 a composite number?
False
Is 535963 a composite number?
True
Is 165218839 a composite number?
True
Is 41285663 composite?
True
Is 3614405 prime?
False
Is 12476647 prime?
True
Is 3233897 a prime number?
True
Is 1192330783 a composite number?
True
Is 43729097 a prime number?
True
Is 40991 composite?
True
Is 4955011 a prime number?
True
Is 55077833 composite?
True
Is 494174 a composite number?
True
Is 419447 prime?
False
Is 22560823 a prime number?
False
Is 267769 prime?
False
Is 133594063 a composite number?
False
Is 1631559 prime?
False
Is 26425169 a prime number?
True
Is 12947619 composite?
True
Is 4006003 a prime number?
False
Is 1651477 composite?
False
Is 19845491 prime?
True
Is 8490743 prime?
False
Is 568853 composite?
False
Is 51884233 a composite number?
True
Is 1732212661 a prime number?
False
Is 10833049 a prime number?
False
Is 52643083 a composite number?
False
Is 29589121 a prime number?
True
Is 1048151869 a prime number?
False
Is 577349 prime?
True
Is 16821583 a composite number?
False
Is 150785743 prime?
True
Is 134035813 a composite number?
True
Is 128410849 composite?
True
Is 129627419 composite?
True
Is 2561953 composite?
False
Is 134765249 a composite number?
False
Is 77759 a prime number?
False
Is 4165229 composite?
False
Is 506921 composite?
True
Is 16198591 a prime number?
True
Is 578902291 a prime number?
False
Is 31715711 prime?
False
Is 3682859 prime?
True
Is 4062889 a prime number?
True
Is 70864751 prime?
True
Is 1979869 composite?
True
Is 16843973 a prime number?
False
Is 70848551 a prime number?
False
Is 261553423 prime?
True
Is 29331617 prime?
False
Is 2938657 a composite number?
True
Is 74513323 prime?
True
Is 281358349 a composite number?
False
Is 95264027 a composite number?
False
Is 795727 a prime number?
True
Is 239364889 composite?
False
Is 7591567 composite?
True
Is 2420287 composite?
False
Is 11877161 a composite number?
True
Is 258763 composite?
False
Is 134236723 composite?
True
Is 987659 a prime number?
True
Is 4277419 composite?
False
Is 44707411 composite?
True
Is 14482211 prime?
True
Is 180998945 prime?
False
Is 3700507 prime?
False
Is 118989259 composite?
False
Is 1553597 prime?
True
Is 17138237 a prime number?
True
Is 70474051 prime?
True
Is 22270207 prime?
True
Is 1791319 prime?
True
Is 26482741 composite?
True
Is 287726797 composite?
False
Is 36451699 composite?
True
Is 2334763 prime?
False
Is 14805771 a composite number?
True
Is 7482271 composite?
True
Is 949988005 a composite number?
True
Is 7588447 composite?
False
Is 791413599 prime?
False
Is 196323973 a composite number?
True
Is 389621 prime?
True
Is 23482933 a prime number?
False
Is 34271143 prime?
True
Is 205108489 composite?
False
Is 1344637 a composite number?
True
Is 15082163 a composite number?
True
Is 169113037 a prime number?
False
Is 2571097 a composite number?
True
Is 48298157 prime?
True
Is 8783113 a prime number?
True
Is 40437897 a composite number?
True
Is 669527077 composite?
True
Is 151186361 prime?
True
Is 680851 a prime number?
False
Is 194024053 a composite number?
False
Is 1260143 prime?
True
Is 12398377 a prime number?
False
Is 828273449 a composite number?
False
Is 2521871 composite?
True
Is 752818577 a prime number?
False
Is 100299361 prime?
True
Is 4128043 prime?
False
Is 655441 a composite number?
True
Is 243193 prime?
False
Is 2607271 a composite number?
False
Is 2359607 prime?
False
Is 4345977 a composite number?
True
Is 181163 composite?
True
Is 296039 composite?
True
Is 58333999 a composite number?
True
Is 1023746093 composite?
False
Is 10773929 composite?
True
Is 71803117 a prime number?
False
Is 118591 a composite number?
True
Is 520099 composite?
True
Is 1211797 a composite number?
False
Is 39827378 a composite number?
True
Is 3447251 prime?
True
Is 32660123 a composite number?
False
Is 25145701 a composite number?
True
Is 24007067 a prime number?
False
Is 1964341 prime?
False
Is 2716061 a composite number?
False
Is 511468537 a composite number?
False
Is 153547957 a prime number?
True
Is 146539867 a prime number?
True
Is 30785507 a prime number?
False
Is 546646861 composite?
False
Is 1910333 a prime number?
True
Is 277477087 a composite number?
False
Is 26183 a prime number?
True
Is 65917 prime?
False
Is 23176117 prime?
False
Is 101429474 a composite number?
True
Is 39948569 prime?
True
Is 8992637 prime?
True
Is 2641451 a prime number?
True
Is 20441011 composite?
True
Is 8140141 a prime number?
False
Is 112438303 a composite number?
False
Is 3613847 a prime number?
True
Is 20682637 a prime number?
True
Is 606037247 composite?
False
Is 11943037 a composite number?
True
Is 29249489 composite?
False
Is 2155639 a composite number?
False
Is 11323763 a composite number?
True
Is 40582471 a prime number?
False
Is 690134197 composite?
False
Is 3027709 a composite number?
True
Is 486440351 composite?
False
Is 5488915 prime?
False
Is 103741639 composite?
False
Is 1210871 a prime number?
True
Is 17817419 a prime number?
True
Is 30287911 composite?
False
Is 90321971 composite?
True
Is 18776093 prime?
False
Is 47001817 prime?
True
Is 40806703 a composite number?
True
Is 12534437 prime?
False
Is 62691253 composite?
False
Is 11714569 composite?
False
Is 1583819 a composite number?
True
Is 245015 composite?
True
Is 4005817 composite?
False
Is 11097109 prime?
False
Is 6747227 a prime number?
False
Is 32110547 prime?
False
Is 2630741 prime?
True
Is 1576345 a composite number?
True
Is 19560757 a prime number?
True
Is 33333161 a composite number?
False
Is 14178403 composite?
False
Is 79223191 composite?
False
Is 2343001 a composite number?
False
Is 3407867 composite?
True
Is 6357317 a composite number?
False
Is 310233813 a composite number?
True
Is 1245947 a composite number?
True
Is 37584439 a prime number?
True
Is 137679419 a composite number?
False
Is 24032977 a prime number?
False
Is 75321101 composite?
True
Is 558676427 prime?
True
Is 13760749 composite?
False
Is 76146911 composite?
True
Is 26102819 prime?
False
Is 12768953 prime?
True
Is 10915147 a prime number?
True
Is 11601257 prime?
True
Is 27475697 a composite number?
True
Is 9232337 a composite number?
False
Is 684637 prime?
True
Is 6349471 a prime number?
False
Is 2222123 a prime number?
True
Is 15704279 composite?
True
Is 31539023 prime?
False
Is 64123 prime?
True
Is 39679779 a prime number?
False
Is 6698047 a composite number?
True
Is 4367323 prime?
False
Is 9225703 a prime number?
True
Is 9535619 a prime number?
True
Is 68279 composite?
False
Is 32700203 a composite number?
True
Is 117831719 a composite number?
False
Is 13334849 composite?
True
Is 112297601 a prime number?
False
Is 78133 prime?
False
Is 7264141 prime?
True
Is 21096329 a prime number?
True
Is 39779833 a prime number?
True
Is 603865511 prime?
True
Is 71459081 a prime number?
False
Is 1073927 prime?
False
Is 37659581 a composite number?
True
Is 130803077 composite?
True
Is 79940419 a prime number?
False
Is 28960189 composite?
True
Is 297152677 composite?
False
Is 3800549 a composite number?
False
Is 4124483 prime?
False
Is 3756773 a prime number?
True
Is 3761417 a prime number?
False
Is 155655727 composite?
False
Is 3216639 a composite number?
True
Is 52671133 a prime number?
True
Is 30919591 prime?
True
Is 1232113 composite?
True
Is 47016049 prime?
True
Is 40458709 composite?
True
Is 5638691 composite?
False
Is 27114277 composite?
False
Is 334494263 a prime number?
False
Is 51152357 composite?
False
Is 5296597 a composite number?
False
Is 429561071 composite?
False
Is 235273 composite?
False
Is 5202073 a prime number?
True
Is 71256901 prime?
True
Is 24266027 a prime number?
True
Is 4015139 a composite number?
False
Is 35230493 a composite number?
True
Is 11075689 prime?
False
Is 16843783 prime?
False
Is 48875683 a composite number?
False
Is 36781343 a prime number?
True
Is 68498141 composite?
False
Is 22748831 prime?
False
Is 61529837 composite?
False
Is 110870909 a composite number?
True
Is 15248614 a composite number?
True
Is 65967211 a prime number?
True
Is 11389717 a prime number?
True
Is 25510645 a prime number?
False
Is 10299821 a prime number?
False
Is 111445937 a prime number?
False
Is 28398505 a composite number?
True
Is 40716119 a 